{"id":12,"date":"2021-12-12T04:55:35","date_gmt":"2021-12-12T03:55:35","guid":{"rendered":"https:\/\/motors.stylemixthemes.com\/demo\/\/?page_id=12"},"modified":"2021-12-13T07:02:13","modified_gmt":"2021-12-13T06:02:13","slug":"accueil","status":"publish","type":"page","link":"https:\/\/mspremiumcars.fr\/economy\/","title":{"rendered":"Accueil"},"content":{"rendered":"<p>[vc_row full_width=&#8221;stretch_row&#8221; css_animation=&#8221;fadeInUp&#8221; css=&#8221;.vc_custom_1639365727216{background-image: url(https:\/\/mspremiumcars.fr\/economy\/wp-content\/uploads\/2021\/12\/slider1.jpg?id=4642) !important;}&#8221;][vc_column el_class=&#8221;stm-banner-fullwidth&#8221;][vc_empty_space height=&#8221;150px&#8221;][vc_single_image image=&#8221;4648&#8243; img_size=&#8221;full&#8221; alignment=&#8221;center&#8221; css_animation=&#8221;fadeIn&#8221;][vc_empty_space height=&#8221;80px&#8221;][\/vc_column][\/vc_row][vc_row css_animation=&#8221;fadeInUp&#8221;][vc_column css=&#8221;.vc_custom_1459408833820{margin-top: -99px !important;}&#8221;][stm_listing_search show_all_label=&#8221;Tous les v\u00e9hicules&#8221; search_button_postfix=&#8221;V\u00e9hicules disponibles&#8221; filter_all=&#8221;make,drive,price,interior-color&#8221; items=&#8221;%5B%7B%22taxonomy_tab%22%3A%22marques-allemandes%20%7C%20interior-color%2C%20%22%2C%22tab_title_single%22%3A%22Marques%20Allemandes%22%2C%22filter_selected%22%3A%22drive%2Cmileage%2Cprice%2Ctransmission%22%7D%2C%7B%22taxonomy_tab%22%3A%22marques-francaises%20%7C%20interior-color%2C%20%22%2C%22tab_title_single%22%3A%22Marques%20Francaises%22%2C%22filter_selected%22%3A%22drive%2Cmileage%2Cprice%2Ctransmission%22%7D%5D&#8221; per_page=&#8221;&#8221;][\/vc_column][\/vc_row][vc_row equal_height=&#8221;yes&#8221; css=&#8221;.vc_custom_1455190820632{margin-top: 76px !important;margin-bottom: 15px !important;}&#8221;][vc_column el_class=&#8221;stm-vc-listing-pad__right&#8221; css=&#8221;.vc_custom_1459833133238{margin-bottom: 15px !important;}&#8221; offset=&#8221;vc_col-lg-6&#8243;][stm_icon_filter per_row=&#8221;4&#8243; duration=&#8221;Toutes les marques&#8221; limit=&#8221;4&#8243;]<\/p>\n<h3>RECHERCHE PAR <span style=\"color: #255f75;\">MARQUE<\/span><\/h3>\n<p>[\/stm_icon_filter][\/vc_column][vc_column el_class=&#8221;stm-vc-listing-pad__left&#8221; css=&#8221;.vc_custom_1459833140404{margin-bottom: 15px !important;}&#8221; offset=&#8221;vc_col-lg-6&#8243;][stm_icon_filter filter_selected=&#8221;body&#8221; per_row=&#8221;4&#8243; duration=&#8221;Tous les types&#8221; limit=&#8221;4&#8243;]<\/p>\n<h3>RECHERCHE PAR <span style=\"color: #255f75;\">TYPE<\/span><\/h3>\n<p>[\/stm_icon_filter][\/vc_column][\/vc_row][vc_row css=&#8221;.vc_custom_1460954722194{margin-bottom: 12px !important;}&#8221;][vc_column][stm_listings_tabs_2 per_page=&#8221;4&#8243; recent_label=&#8221;Derni\u00e8res arriv\u00e9es&#8221; popular=&#8221;&#8221; featured_label=&#8221;Grosses marges r\u00e9alisables&#8221; tab_affix=&#8221;&#8221; duration=&#8221;Recent items&#8221; title=&#8221;AFFAIRES DU MOMENT&#8221;][\/vc_column][\/vc_row][vc_row full_width=&#8221;stretch_row&#8221; css=&#8221;.vc_custom_1613622036895{padding-top: 110px !important;padding-bottom: 102px !important;background-image: url(https:\/\/mspremiumcars.fr\/economy\/wp-content\/uploads\/2021\/02\/WebsiteHeader.jpg?id=2231) !important;}&#8221; el_class=&#8221;stm-fixed-attachment&#8221; el_id=&#8221;stm-fixed-cover&#8221;][vc_column width=&#8221;1\/2&#8243; offset=&#8221;vc_col-lg-3&#8243;][stm_icon_counter icon=&#8221;stm-service-icon-car-listing&#8221; stm_icon_size=&#8221;56&#8243; stm_counter_value=&#8221;1300&#8243; stm_counter_time=&#8221;3&#8243; stm_counter_affix=&#8221;+&#8221; stm_counter_label=&#8221;v\u00e9hicules disponibles \u00e0 travers l&#8217;Europe&#8221;][\/vc_column][vc_column width=&#8221;1\/2&#8243; offset=&#8221;vc_col-lg-3&#8243;][stm_icon_counter icon=&#8221;stm-service-icon-two_users&#8221; stm_icon_size=&#8221;56&#8243; stm_counter_value=&#8221;150&#8243; stm_counter_time=&#8221;2.5&#8243; stm_counter_affix=&#8221;+&#8221; stm_counter_label=&#8221;contacts europ\u00e9ens certifi\u00e9s&#8221;][\/vc_column][vc_column width=&#8221;1\/2&#8243; offset=&#8221;vc_col-lg-3&#8243;][stm_icon_counter icon=&#8221;stm-icon-ac-offer-price&#8221; stm_icon_size=&#8221;56&#8243; stm_counter_value=&#8221;2500&#8243; stm_counter_time=&#8221;2&#8243; stm_counter_affix=&#8221;\u20ac&#8221; stm_counter_label=&#8221;de b\u00e9n\u00e9fice moyen sur les v\u00e9hicules propos\u00e9s&#8221;][\/vc_column][vc_column width=&#8221;1\/2&#8243; offset=&#8221;vc_col-lg-3&#8243;][stm_icon_counter icon=&#8221;stm-service-icon-shield-o&#8221; stm_icon_size=&#8221;56&#8243; stm_counter_value=&#8221;40&#8243; stm_counter_time=&#8221;1.5&#8243; stm_counter_affix=&#8221;+&#8221; stm_counter_label=&#8221;points de contr\u00f4les r\u00e9alis\u00e9s avant la mise en ligne des v\u00e9hicules&#8221;][\/vc_column][\/vc_row]<\/p>\n","protected":false},"excerpt":{"rendered":"<p>[vc_row full_width=&#8221;stretch_row&#8221; css_animation=&#8221;fadeInUp&#8221; css=&#8221;.vc_custom_1639365727216{background-image: url(https:\/\/mspremiumcars.fr\/economy\/wp-content\/uploads\/2021\/12\/slider1.jpg?id=4642) !important;}&#8221;][vc_column el_class=&#8221;stm-banner-fullwidth&#8221;][vc_empty_space height=&#8221;150px&#8221;][vc_single_image image=&#8221;4648&#8243; img_size=&#8221;full&#8221; alignment=&#8221;center&#8221; css_animation=&#8221;fadeIn&#8221;][vc_empty_space height=&#8221;80px&#8221;][\/vc_column][\/vc_row][vc_row css_animation=&#8221;fadeInUp&#8221;][vc_column css=&#8221;.vc_custom_1459408833820{margin-top: -99px !important;}&#8221;][stm_listing_search show_all_label=&#8221;Tous les v\u00e9hicules&#8221; search_button_postfix=&#8221;V\u00e9hicules disponibles&#8221; filter_all=&#8221;make,drive,price,interior-color&#8221; items=&#8221;%5B%7B%22taxonomy_tab%22%3A%22marques-allemandes%20%7C%20interior-color%2C%20%22%2C%22tab_title_single%22%3A%22Marques%20Allemandes%22%2C%22filter_selected%22%3A%22drive%2Cmileage%2Cprice%2Ctransmission%22%7D%2C%7B%22taxonomy_tab%22%3A%22marques-francaises%20%7C%20interior-color%2C%20%22%2C%22tab_title_single%22%3A%22Marques%20Francaises%22%2C%22filter_selected%22%3A%22drive%2Cmileage%2Cprice%2Ctransmission%22%7D%5D&#8221; per_page=&#8221;&#8221;][\/vc_column][\/vc_row][vc_row equal_height=&#8221;yes&#8221; css=&#8221;.vc_custom_1455190820632{margin-top: 76px !important;margin-bottom: 15px !important;}&#8221;][vc_column el_class=&#8221;stm-vc-listing-pad__right&#8221; css=&#8221;.vc_custom_1459833133238{margin-bottom: 15px !important;}&#8221; offset=&#8221;vc_col-lg-6&#8243;][stm_icon_filter per_row=&#8221;4&#8243; duration=&#8221;Toutes les marques&#8221; limit=&#8221;4&#8243;] RECHERCHE PAR MARQUE [\/stm_icon_filter][\/vc_column][vc_column el_class=&#8221;stm-vc-listing-pad__left&#8221; css=&#8221;.vc_custom_1459833140404{margin-bottom: 15px !important;}&#8221; offset=&#8221;vc_col-lg-6&#8243;][stm_icon_filter filter_selected=&#8221;body&#8221; per_row=&#8221;4&#8243; duration=&#8221;Tous les types&#8221;&#8230;<\/p>\n","protected":false},"author":1,"featured_media":0,"parent":0,"menu_order":0,"comment_status":"closed","ping_status":"closed","template":"","meta":{"footnotes":""},"class_list":["post-12","page","type-page","status-publish","hentry"],"yoast_head":"<!-- This site is optimized with the Yoast SEO plugin v16.1.1 - https:\/\/yoast.com\/wordpress\/plugins\/seo\/ -->\n<title>MS CARS PRO - Importation de V\u00e9hicules pour Marchands et Revendeurs<\/title>\n<meta name=\"description\" content=\"Importation de v\u00e9hicules d&#039;occasion pas cher de Pologne et Allemagne \u00e0 marge exceptionnelle pour Revendeur, Marchand et Pro de l&#039;Automobile.\" \/>\n<meta property=\"og:locale\" content=\"fr_FR\" \/>\n<meta property=\"og:type\" content=\"article\" \/>\n<meta property=\"og:title\" content=\"MS CARS PRO - Importation de V\u00e9hicules pour Marchands et Revendeurs\" \/>\n<meta property=\"og:description\" content=\"Importation de v\u00e9hicules d&#039;occasion pas cher de Pologne et Allemagne \u00e0 marge exceptionnelle pour Revendeur, Marchand et Pro de l&#039;Automobile.\" \/>\n<meta property=\"og:url\" content=\"https:\/\/mspremiumcars.fr\/economy\/\" \/>\n<meta property=\"og:site_name\" content=\"MS CARS PRO\" \/>\n<meta property=\"article:modified_time\" content=\"2021-12-13T06:02:13+00:00\" \/>\n<meta name=\"twitter:card\" content=\"summary_large_image\" \/>\n<meta name=\"twitter:label1\" content=\"Dur\u00e9e de lecture est.\">\n\t<meta name=\"twitter:data1\" content=\"1 minute\">\n<script type=\"application\/ld+json\" class=\"yoast-schema-graph\">{\"@context\":\"https:\/\/schema.org\",\"@graph\":[{\"@type\":\"Organization\",\"@id\":\"https:\/\/mspremiumcars.fr\/economy\/#organization\",\"name\":\"Espace Pro MS PREMIUM CARS\",\"url\":\"https:\/\/mspremiumcars.fr\/economy\/\",\"sameAs\":[\"https:\/\/instagram.com\/ms.premium.cars\"],\"logo\":{\"@type\":\"ImageObject\",\"@id\":\"https:\/\/mspremiumcars.fr\/economy\/#logo\",\"inLanguage\":\"fr-FR\",\"url\":\"https:\/\/mspremiumcars.fr\/economy\/wp-content\/uploads\/2021\/03\/logo.png\",\"contentUrl\":\"https:\/\/mspremiumcars.fr\/economy\/wp-content\/uploads\/2021\/03\/logo.png\",\"width\":5000,\"height\":2500,\"caption\":\"Espace Pro MS PREMIUM CARS\"},\"image\":{\"@id\":\"https:\/\/mspremiumcars.fr\/economy\/#logo\"}},{\"@type\":\"WebSite\",\"@id\":\"https:\/\/mspremiumcars.fr\/economy\/#website\",\"url\":\"https:\/\/mspremiumcars.fr\/economy\/\",\"name\":\"MS CARS PRO\",\"description\":\"Voitures import\\u00e9es pour marchand, n\\u00e9gociant et revendeur automobile\",\"publisher\":{\"@id\":\"https:\/\/mspremiumcars.fr\/economy\/#organization\"},\"potentialAction\":[{\"@type\":\"SearchAction\",\"target\":\"https:\/\/mspremiumcars.fr\/economy\/?s={search_term_string}\",\"query-input\":\"required name=search_term_string\"}],\"inLanguage\":\"fr-FR\"},{\"@type\":\"WebPage\",\"@id\":\"https:\/\/mspremiumcars.fr\/economy\/#webpage\",\"url\":\"https:\/\/mspremiumcars.fr\/economy\/\",\"name\":\"MS CARS PRO - Importation de V\\u00e9hicules pour Marchands et Revendeurs\",\"isPartOf\":{\"@id\":\"https:\/\/mspremiumcars.fr\/economy\/#website\"},\"datePublished\":\"2021-12-12T03:55:35+00:00\",\"dateModified\":\"2021-12-13T06:02:13+00:00\",\"description\":\"Importation de v\\u00e9hicules d'occasion pas cher de Pologne et Allemagne \\u00e0 marge exceptionnelle pour Revendeur, Marchand et Pro de l'Automobile.\",\"breadcrumb\":{\"@id\":\"https:\/\/mspremiumcars.fr\/economy\/#breadcrumb\"},\"inLanguage\":\"fr-FR\",\"potentialAction\":[{\"@type\":\"ReadAction\",\"target\":[\"https:\/\/mspremiumcars.fr\/economy\/\"]}]},{\"@type\":\"BreadcrumbList\",\"@id\":\"https:\/\/mspremiumcars.fr\/economy\/#breadcrumb\",\"itemListElement\":[{\"@type\":\"ListItem\",\"position\":1,\"item\":{\"@type\":\"WebPage\",\"@id\":\"https:\/\/mspremiumcars.fr\/economy\/\",\"url\":\"https:\/\/mspremiumcars.fr\/economy\/\",\"name\":\"Accueil\"}},{\"@type\":\"ListItem\",\"position\":2,\"item\":{\"@type\":\"WebPage\",\"@id\":\"https:\/\/mspremiumcars.fr\/economy\/\",\"url\":\"https:\/\/mspremiumcars.fr\/economy\/\",\"name\":\"Accueil\"}}]}]}<\/script>\n<!-- \/ Yoast SEO plugin. -->","_links":{"self":[{"href":"https:\/\/mspremiumcars.fr\/economy\/wp-json\/wp\/v2\/pages\/12","targetHints":{"allow":["GET"]}}],"collection":[{"href":"https:\/\/mspremiumcars.fr\/economy\/wp-json\/wp\/v2\/pages"}],"about":[{"href":"https:\/\/mspremiumcars.fr\/economy\/wp-json\/wp\/v2\/types\/page"}],"author":[{"embeddable":true,"href":"https:\/\/mspremiumcars.fr\/economy\/wp-json\/wp\/v2\/users\/1"}],"replies":[{"embeddable":true,"href":"https:\/\/mspremiumcars.fr\/economy\/wp-json\/wp\/v2\/comments?post=12"}],"version-history":[{"count":67,"href":"https:\/\/mspremiumcars.fr\/economy\/wp-json\/wp\/v2\/pages\/12\/revisions"}],"predecessor-version":[{"id":4698,"href":"https:\/\/mspremiumcars.fr\/economy\/wp-json\/wp\/v2\/pages\/12\/revisions\/4698"}],"wp:attachment":[{"href":"https:\/\/mspremiumcars.fr\/economy\/wp-json\/wp\/v2\/media?parent=12"}],"curies":[{"name":"wp","href":"https:\/\/api.w.org\/{rel}","templated":true}]}}

<p>[vc_row full_width=&#8221;stretch_row&#8221; css_animation=&#8221;fadeInUp&#8221; css=&#8221;.vc_custom_1639365727216{background-image: url(https://mspremiumcars.fr/economy/wp-content/uploads/2021/12/slider1.jpg?id=4642) !important;}&#8221;][vc_column el_class=&#8221;stm-banner-fullwidth&#8221;][vc_empty_space height=&#8221;150px&#8221;][vc_single_image image=&#8221;4648&#8243; img_size=&#8221;full&#8221; alignment=&#8221;center&#8221; css_animation=&#8221;fadeIn&#8221;][vc_empty_space height=&#8221;80px&#8221;][/vc_column][/vc_row][vc_row css_animation=&#8221;fadeInUp&#8221;][vc_column css=&#8221;.vc_custom_1459408833820{margin-top: -99px !important;}&#8221;][stm_listing_search show_all_label=&#8221;Tous les véhicules&#8221; search_button_postfix=&#8221;Véhicules disponibles&#8221; filter_all=&#8221;make,drive,price,interior-color&#8221; items=&#8221;%5B%7B%22taxonomy_tab%22%3A%22marques-allemandes%20%7C%20interior-color%2C%20%22%2C%22tab_title_single%22%3A%22Marques%20Allemandes%22%2C%22filter_selected%22%3A%22drive%2Cmileage%2Cprice%2Ctransmission%22%7D%2C%7B%22taxonomy_tab%22%3A%22marques-francaises%20%7C%20interior-color%2C%20%22%2C%22tab_title_single%22%3A%22Marques%20Francaises%22%2C%22filter_selected%22%3A%22drive%2Cmileage%2Cprice%2Ctransmission%22%7D%5D&#8221; per_page=&#8221;&#8221;][/vc_column][/vc_row][vc_row equal_height=&#8221;yes&#8221; css=&#8221;.vc_custom_1455190820632{margin-top: 76px !important;margin-bottom: 15px !important;}&#8221;][vc_column el_class=&#8221;stm-vc-listing-pad__right&#8221; css=&#8221;.vc_custom_1459833133238{margin-bottom: 15px !important;}&#8221; offset=&#8221;vc_col-lg-6&#8243;][stm_icon_filter per_row=&#8221;4&#8243; duration=&#8221;Toutes les marques&#8221; limit=&#8221;4&#8243;]</p>
<h3>RECHERCHE PAR <span style="color: #255f75;">MARQUE</span></h3>
<p>[/stm_icon_filter][/vc_column][vc_column el_class=&#8221;stm-vc-listing-pad__left&#8221; css=&#8221;.vc_custom_1459833140404{margin-bottom: 15px !important;}&#8221; offset=&#8221;vc_col-lg-6&#8243;][stm_icon_filter filter_selected=&#8221;body&#8221; per_row=&#8221;4&#8243; duration=&#8221;Tous les types&#8221; limit=&#8221;4&#8243;]</p>
<h3>RECHERCHE PAR <span style="color: #255f75;">TYPE</span></h3>
<p>[/stm_icon_filter][/vc_column][/vc_row][vc_row css=&#8221;.vc_custom_1460954722194{margin-bottom: 12px !important;}&#8221;][vc_column][stm_listings_tabs_2 per_page=&#8221;4&#8243; recent_label=&#8221;Dernières arrivées&#8221; popular=&#8221;&#8221; featured_label=&#8221;Grosses marges réalisables&#8221; tab_affix=&#8221;&#8221; duration=&#8221;Recent items&#8221; title=&#8221;AFFAIRES DU MOMENT&#8221;][/vc_column][/vc_row][vc_row full_width=&#8221;stretch_row&#8221; css=&#8221;.vc_custom_1613622036895{padding-top: 110px !important;padding-bottom: 102px !important;background-image: url(https://mspremiumcars.fr/economy/wp-content/uploads/2021/02/WebsiteHeader.jpg?id=2231) !important;}&#8221; el_class=&#8221;stm-fixed-attachment&#8221; el_id=&#8221;stm-fixed-cover&#8221;][vc_column width=&#8221;1/2&#8243; offset=&#8221;vc_col-lg-3&#8243;][stm_icon_counter icon=&#8221;stm-service-icon-car-listing&#8221; stm_icon_size=&#8221;56&#8243; stm_counter_value=&#8221;1300&#8243; stm_counter_time=&#8221;3&#8243; stm_counter_affix=&#8221;+&#8221; stm_counter_label=&#8221;véhicules disponibles à travers l&#8217;Europe&#8221;][/vc_column][vc_column width=&#8221;1/2&#8243; offset=&#8221;vc_col-lg-3&#8243;][stm_icon_counter icon=&#8221;stm-service-icon-two_users&#8221; stm_icon_size=&#8221;56&#8243; stm_counter_value=&#8221;150&#8243; stm_counter_time=&#8221;2.5&#8243; stm_counter_affix=&#8221;+&#8221; stm_counter_label=&#8221;contacts européens certifiés&#8221;][/vc_column][vc_column width=&#8221;1/2&#8243; offset=&#8221;vc_col-lg-3&#8243;][stm_icon_counter icon=&#8221;stm-icon-ac-offer-price&#8221; stm_icon_size=&#8221;56&#8243; stm_counter_value=&#8221;2500&#8243; stm_counter_time=&#8221;2&#8243; stm_counter_affix=&#8221;€&#8221; stm_counter_label=&#8221;de bénéfice moyen sur les véhicules proposés&#8221;][/vc_column][vc_column width=&#8221;1/2&#8243; offset=&#8221;vc_col-lg-3&#8243;][stm_icon_counter icon=&#8221;stm-service-icon-shield-o&#8221; stm_icon_size=&#8221;56&#8243; stm_counter_value=&#8221;40&#8243; stm_counter_time=&#8221;1.5&#8243; stm_counter_affix=&#8221;+&#8221; stm_counter_label=&#8221;points de contrôles réalisés avant la mise en ligne des véhicules&#8221;][/vc_column][/vc_row]</p>

<p>[vc_row full_width=&#8221;stretch_row&#8221; css_animation=&#8221;fadeInUp&#8221; css=&#8221;.vc_custom_1639365727216{background-image: url(https://mspremiumcars.fr/economy/wp-content/uploads/2021/12/slider1.jpg?id=4642) !important;}&#8221;][vc_column el_class=&#8221;stm-banner-fullwidth&#8221;][vc_empty_space height=&#8221;150px&#8221;][vc_single_image image=&#8221;4648&#8243; img_size=&#8221;full&#8221; alignment=&#8221;center&#8221; css_animation=&#8221;fadeIn&#8221;][vc_empty_space height=&#8221;80px&#8221;][/vc_column][/vc_row][vc_row css_animation=&#8221;fadeInUp&#8221;][vc_column css=&#8221;.vc_custom_1459408833820{margin-top: -99px !important;}&#8221;][stm_listing_search show_all_label=&#8221;Tous les véhicules&#8221; search_button_postfix=&#8221;Véhicules disponibles&#8221; filter_all=&#8221;make,drive,price,interior-color&#8221; items=&#8221;%5B%7B%22taxonomy_tab%22%3A%22marques-allemandes%20%7C%20interior-color%2C%20%22%2C%22tab_title_single%22%3A%22Marques%20Allemandes%22%2C%22filter_selected%22%3A%22drive%2Cmileage%2Cprice%2Ctransmission%22%7D%2C%7B%22taxonomy_tab%22%3A%22marques-francaises%20%7C%20interior-color%2C%20%22%2C%22tab_title_single%22%3A%22Marques%20Francaises%22%2C%22filter_selected%22%3A%22drive%2Cmileage%2Cprice%2Ctransmission%22%7D%5D&#8221; per_page=&#8221;&#8221;][/vc_column][/vc_row][vc_row equal_height=&#8221;yes&#8221; css=&#8221;.vc_custom_1455190820632{margin-top: 76px !important;margin-bottom: 15px !important;}&#8221;][vc_column el_class=&#8221;stm-vc-listing-pad__right&#8221; css=&#8221;.vc_custom_1459833133238{margin-bottom: 15px !important;}&#8221; offset=&#8221;vc_col-lg-6&#8243;][stm_icon_filter per_row=&#8221;4&#8243; duration=&#8221;Toutes les marques&#8221; limit=&#8221;4&#8243;] RECHERCHE PAR MARQUE [/stm_icon_filter][/vc_column][vc_column el_class=&#8221;stm-vc-listing-pad__left&#8221; css=&#8221;.vc_custom_1459833140404{margin-bottom: 15px !important;}&#8221; offset=&#8221;vc_col-lg-6&#8243;][stm_icon_filter filter_selected=&#8221;body&#8221; per_row=&#8221;4&#8243; duration=&#8221;Tous les types&#8221;&#8230;</p>

<!-- This site is optimized with the Yoast SEO plugin v16.1.1 - https://yoast.com/wordpress/plugins/seo/ -->
<title>MS CARS PRO - Importation de Véhicules pour Marchands et Revendeurs</title>
<meta name="description" content="Importation de véhicules d&#039;occasion pas cher de Pologne et Allemagne à marge exceptionnelle pour Revendeur, Marchand et Pro de l&#039;Automobile." />
<meta property="og:locale" content="fr_FR" />
<meta property="og:type" content="article" />
<meta property="og:title" content="MS CARS PRO - Importation de Véhicules pour Marchands et Revendeurs" />
<meta property="og:description" content="Importation de véhicules d&#039;occasion pas cher de Pologne et Allemagne à marge exceptionnelle pour Revendeur, Marchand et Pro de l&#039;Automobile." />
<meta property="og:url" content="https://mspremiumcars.fr/economy/" />
<meta property="og:site_name" content="MS CARS PRO" />
<meta property="article:modified_time" content="2021-12-13T06:02:13+00:00" />
<meta name="twitter:card" content="summary_large_image" />
<meta name="twitter:label1" content="Durée de lecture est.">
	<meta name="twitter:data1" content="1 minute">
<script type="application/ld+json" class="yoast-schema-graph">{"@context":"https://schema.org","@graph":[{"@type":"Organization","@id":"https://mspremiumcars.fr/economy/#organization","name":"Espace Pro MS PREMIUM CARS","url":"https://mspremiumcars.fr/economy/","sameAs":["https://instagram.com/ms.premium.cars"],"logo":{"@type":"ImageObject","@id":"https://mspremiumcars.fr/economy/#logo","inLanguage":"fr-FR","url":"https://mspremiumcars.fr/economy/wp-content/uploads/2021/03/logo.png","contentUrl":"https://mspremiumcars.fr/economy/wp-content/uploads/2021/03/logo.png","width":5000,"height":2500,"caption":"Espace Pro MS PREMIUM CARS"},"image":{"@id":"https://mspremiumcars.fr/economy/#logo"}},{"@type":"WebSite","@id":"https://mspremiumcars.fr/economy/#website","url":"https://mspremiumcars.fr/economy/","name":"MS CARS PRO","description":"Voitures import\u00e9es pour marchand, n\u00e9gociant et revendeur automobile","publisher":{"@id":"https://mspremiumcars.fr/economy/#organization"},"potentialAction":[{"@type":"SearchAction","target":"https://mspremiumcars.fr/economy/?s={search_term_string}","query-input":"required name=search_term_string"}],"inLanguage":"fr-FR"},{"@type":"WebPage","@id":"https://mspremiumcars.fr/economy/#webpage","url":"https://mspremiumcars.fr/economy/","name":"MS CARS PRO - Importation de V\u00e9hicules pour Marchands et Revendeurs","isPartOf":{"@id":"https://mspremiumcars.fr/economy/#website"},"datePublished":"2021-12-12T03:55:35+00:00","dateModified":"2021-12-13T06:02:13+00:00","description":"Importation de v\u00e9hicules d'occasion pas cher de Pologne et Allemagne \u00e0 marge exceptionnelle pour Revendeur, Marchand et Pro de l'Automobile.","breadcrumb":{"@id":"https://mspremiumcars.fr/economy/#breadcrumb"},"inLanguage":"fr-FR","potentialAction":[{"@type":"ReadAction","target":["https://mspremiumcars.fr/economy/"]}]},{"@type":"BreadcrumbList","@id":"https://mspremiumcars.fr/economy/#breadcrumb","itemListElement":[{"@type":"ListItem","position":1,"item":{"@type":"WebPage","@id":"https://mspremiumcars.fr/economy/","url":"https://mspremiumcars.fr/economy/","name":"Accueil"}},{"@type":"ListItem","position":2,"item":{"@type":"WebPage","@id":"https://mspremiumcars.fr/economy/","url":"https://mspremiumcars.fr/economy/","name":"Accueil"}}]}]}</script>
<!-- / Yoast SEO plugin. -->
